{"id":14,"date":"2025-12-29T09:15:57","date_gmt":"2025-12-29T09:15:57","guid":{"rendered":"https:\/\/suvelia.fr\/?page_id=14"},"modified":"2025-12-29T15:04:41","modified_gmt":"2025-12-29T15:04:41","slug":"home","status":"publish","type":"page","link":"https:\/\/suvelia.fr\/","title":{"rendered":"Home"},"content":{"rendered":"\t\t<div data-elementor-type=\"wp-page\" data-elementor-id=\"14\" class=\"elementor elementor-14\" data-elementor-post-type=\"page\">\n\t\t\t\t\t\t<section class=\"elementor-section elementor-top-section elementor-element elementor-element-16fc637e elementor-section-height-min-height elementor-section-content-middle elementor-section-boxed elementor-section-height-default elementor-section-items-middle\" data-id=\"16fc637e\" data-element_type=\"section\" data-settings=\"{&quot;background_background&quot;:&quot;gradient&quot;}\">\n\t\t\t\t\t\t<div class=\"elementor-container elementor-column-gap-default\">\n\t\t\t\t\t<div class=\"elementor-column elementor-col-100 elementor-top-column elementor-element elementor-element-13fb4e55\" data-id=\"13fb4e55\" data-element_type=\"column\">\n\t\t\t<div class=\"elementor-widget-wrap elementor-element-populated\">\n\t\t\t\t\t\t<div class=\"elementor-element elementor-element-7d477fee elementor-widget elementor-widget-image\" data-id=\"7d477fee\" data-element_type=\"widget\" data-widget_type=\"image.default\">\n\t\t\t\t\t\t\t\t\t\t\t\t\t\t\t<img fetchpriority=\"high\" decoding=\"async\" width=\"2084\" height=\"1250\" src=\"https:\/\/suvelia.fr\/wp-content\/uploads\/2025\/12\/SuVelia_Logo_positivo.png\" class=\"attachment-full size-full wp-image-28\" alt=\"\" srcset=\"https:\/\/suvelia.fr\/wp-content\/uploads\/2025\/12\/SuVelia_Logo_positivo.png 2084w, https:\/\/suvelia.fr\/wp-content\/uploads\/2025\/12\/SuVelia_Logo_positivo-300x180.png 300w, https:\/\/suvelia.fr\/wp-content\/uploads\/2025\/12\/SuVelia_Logo_positivo-1024x614.png 1024w, https:\/\/suvelia.fr\/wp-content\/uploads\/2025\/12\/SuVelia_Logo_positivo-768x461.png 768w, https:\/\/suvelia.fr\/wp-content\/uploads\/2025\/12\/SuVelia_Logo_positivo-1536x921.png 1536w, https:\/\/suvelia.fr\/wp-content\/uploads\/2025\/12\/SuVelia_Logo_positivo-2048x1228.png 2048w\" sizes=\"(max-width: 2084px) 100vw, 2084px\" \/>\t\t\t\t\t\t\t\t\t\t\t\t\t\t\t<\/div>\n\t\t\t\t<div class=\"elementor-element elementor-element-23d88e04 elementor-widget elementor-widget-heading\" data-id=\"23d88e04\" data-element_type=\"widget\" data-widget_type=\"heading.default\">\n\t\t\t\t\t<h2 class=\"elementor-heading-title elementor-size-default\"><span style=\"color: #e91e8c;font-style: italic\">Suvelia.fr<\/span> <span style=\"color: #1a1a40\">\u2013 Bient\u00f4t disponible!<\/span><\/h2>\t\t\t\t<\/div>\n\t\t\t\t<div class=\"elementor-element elementor-element-20eabb9c elementor-widget elementor-widget-text-editor\" data-id=\"20eabb9c\" data-element_type=\"widget\" data-widget_type=\"text-editor.default\">\n\t\t\t\t\t\t\t\t\t<p style=\"text-align: center;\">Nous pr\u00e9parons quelque chose de sp\u00e9cial pour vous!<\/p>\t\t\t\t\t\t\t\t<\/div>\n\t\t\t\t\t<\/div>\n\t\t<\/div>\n\t\t\t\t\t<\/div>\n\t\t<\/section>\n\t\t\t\t<\/div>\n\t\t","protected":false},"excerpt":{"rendered":"<p>Suvelia.fr \u2013 Bient\u00f4t disponible! Nous pr\u00e9parons quelque chose de sp\u00e9cial pour vous!<\/p>\n","protected":false},"author":1,"featured_media":0,"parent":0,"menu_order":0,"comment_status":"closed","ping_status":"closed","template":"elementor_canvas","meta":{"footnotes":""},"class_list":["post-14","page","type-page","status-publish","hentry"],"_links":{"self":[{"href":"https:\/\/suvelia.fr\/index.php?rest_route=\/wp\/v2\/pages\/14","targetHints":{"allow":["GET"]}}],"collection":[{"href":"https:\/\/suvelia.fr\/index.php?rest_route=\/wp\/v2\/pages"}],"about":[{"href":"https:\/\/suvelia.fr\/index.php?rest_route=\/wp\/v2\/types\/page"}],"author":[{"embeddable":true,"href":"https:\/\/suvelia.fr\/index.php?rest_route=\/wp\/v2\/users\/1"}],"replies":[{"embeddable":true,"href":"https:\/\/suvelia.fr\/index.php?rest_route=%2Fwp%2Fv2%2Fcomments&post=14"}],"version-history":[{"count":28,"href":"https:\/\/suvelia.fr\/index.php?rest_route=\/wp\/v2\/pages\/14\/revisions"}],"predecessor-version":[{"id":51,"href":"https:\/\/suvelia.fr\/index.php?rest_route=\/wp\/v2\/pages\/14\/revisions\/51"}],"wp:attachment":[{"href":"https:\/\/suvelia.fr\/index.php?rest_route=%2Fwp%2Fv2%2Fmedia&parent=14"}],"curies":[{"name":"wp","href":"https:\/\/api.w.org\/{rel}","templated":true}]}}